5, 7
What are the prime factors of 553?
7, 79
List the prime factors of 14871.
3, 4957
List the prime factors of 1615.
5, 17, 19
What are the prime factors of 64913?
139, 467
What are the prime factors of 6640?
2, 5, 83
What are the prime factors of 2444?
2, 13, 47
What are the prime factors of 6129?
3, 227
List the prime factors of 687.
3, 229
What are the prime factors of 22881?
3, 29, 263
What are the prime factors of 1228?
2, 307
What are the prime factors of 1585?
5, 317
What are the prime factors of 3050?
2, 5, 61
List the prime factors of 16077.
3, 23, 233
What are the prime factors of 2024?
2, 11, 23
List the prime factors of 2367.
3, 263
List the prime factors of 2922.
2, 3, 487
What are the prime factors of 2178?
2, 3, 11
What are the prime factors of 67?
67
List the prime factors of 376.
2, 47
List the prime factors of 2083.
2083
List the prime factors of 5800.
2, 5, 29
What are the prime factors of 4384?
2, 137
List the prime factors of 4024.
2, 503
What are the prime factors of 6345?
3, 5, 47
List the prime factors of 61670.
2, 5, 7, 881
What are the prime factors of 8974?
2, 7, 641
List the prime factors of 13762.
2, 7, 983
List the prime factors of 2906.
2, 1453
List the prime factors of 783.
3, 29
What are the prime factors of 38294?
2, 41, 467
List the prime factors of 7337.
11, 23, 29
What are the prime factors of 149?
149
What are the prime factors of 303?
3, 101
What are the prime factors of 1030?
2, 5, 103
What are the prime factors of 718?
2, 359
What are the prime factors of 792?
2, 3, 11
What are the prime factors of 4260?
2, 3, 5, 71
List the prime factors of 3990.
2, 3, 5, 7, 19
List the prime factors of 9768.
2, 3, 11, 37
What are the prime factors of 402?
2, 3, 67
List the prime factors of 1138.
2, 569
What are the prime factors of 3153?
3, 1051
List the prime factors of 2466.
2, 3, 137
List the prime factors of 81665.
5, 16333
What are the prime factors of 205390?
2, 5, 19, 23, 47
List the prime factors of 179.
179
What are the prime factors of 101553?
3, 33851
What are the prime factors of 193?
193
List the prime factors of 44969.
193, 233
What are the prime factors of 48263?
17, 167
List the prime factors of 5730.
2, 3, 5, 191
List the prime factors of 24879.
3, 8293
What are the prime factors of 109?
109
What are the prime factors of 112305?
3, 5, 7487
What are the prime factors of 4413?
3, 1471
What are the prime factors of 687?
3, 229
List the prime factors of 1935.
3, 5, 43
What are the prime factors of 28?
2, 7
List the prime factors of 16518.
2, 3, 2753
What are the prime factors of 125769?
3, 7, 53, 113
List the prime factors of 17477.
17477
What are the prime factors of 18338?
2, 53, 173
What are the prime factors of 3169?
3169
What are the prime factors of 9204?
2, 3, 13, 59
List the prime factors of 454.
2, 227
What are the prime factors of 19498?
2, 9749
List the prime factors of 91290.
2, 3, 5, 17, 179
List the prime factors of 1804.
2, 11, 41
What are the prime factors of 870?
2, 3, 5, 29
List the prime factors of 199.
199
List the prime factors of 9877.
7, 17, 83
What are the prime factors of 467?
467
List the prime factors of 505.
5, 101
What are the prime factors of 16650?
2, 3, 5, 37
What are the prime factors of 541?
541
What are the prime factors of 57204?
2, 3, 7, 227
List the prime factors of 32307.
3, 11, 89
What are the prime factors of 26487?
3, 109
What are the prime factors of 4311?
3, 479
What are the prime factors of 37101?
3, 83, 149
List the prime factors of 5061.
3, 7, 241
What are the prime factors of 74587?
74587
What are the prime factors of 15430?
2, 5, 1543
What are the prime factors of 26011?
19, 37
What are the prime factors of 6015?
3, 5, 401
List the prime factors of 16100.
2, 5, 7, 23
List the prime factors of 14784.
2, 3, 7, 11
What are the prime factors of 1554?
2, 3, 7, 37
List the prime factors of 64064.
2, 7, 11, 13
What are the prime factors of 3743?
19, 197
What are the prime factors of 33049?
33049
What are the prime factors of 18466?
2, 7, 1319
What are the prime factors of 1464?
2, 3, 61
List the prime factors of 925.
5, 37
List the prime factors of 1869.
3, 7, 89
What are the prime factors of 9243?
3, 13, 79
What are the prime factors of 399?
3, 7, 19
List the prime factors of 43777.
43777
List the prime factors of 53472.
2, 3, 557
What are the prime factors of 66434?
2, 59, 563
What are the prime factors of 6311?
6311
What are the prime factors of 656?
2, 41
List the prime factors of 355.
5, 71
What are the prime factors of 49274?
2, 71, 347
What are the prime factors of 1279?
1279
List the prime factors of 44993.
13, 3461
List the prime factors of 56985.
3, 5, 29, 131
List the prime factors of 94684.
2, 23671
List the prime factors of 3960.
2, 3, 5, 11
What are the prime factors of 23252?
2, 5813
What are the prime factors of 5820?
2, 3, 5, 97
What are the prime factors of 6465?
3, 5, 431
What are the prime factors of 28639?
13, 2203
List the prime factors of 113970.
2, 3, 5, 29, 131
List the prime factors of 927.
3, 103
What are the prime factors of 13073?
17, 769
List the prime factors of 2508.
2, 3, 11, 19
What are the prime factors of 65264?
2, 4079
List the prime factors of 1244.
2, 311
What are the prime factors of 24774?
2, 3, 4129
What are the prime factors of 3404?
2, 23, 37
What are the prime factors of 298?
2, 149
What are the prime factors of 4803?
3, 1601
What are the prime factors of 10526?
2, 19, 277
List the prime factors of 808.
2, 101
What are the prime factors of 72884?
2, 7, 19, 137
What are the prime factors of 92051?
92051
What are the prime factors of 2449?
31, 79
What are the prime factors of 1171?
1171
What are the prime factors of 178?
2, 89
List the prime factors of 1060.
2, 5, 53
List the prime factors of 13054.
2, 61, 107
What are the prime factors of 1953?
3, 7, 31
What are the prime factors of 300?
2, 3, 5
List the prime factors of 154206.
2, 3, 13, 659
List the prime factors of 1577.
19, 83
What are the prime factors of 2738?
2, 37
List the prime factors of 42641.
42641
What are the prime factors of 1213?
1213
List the prime factors of 80985.
3, 5, 5399
What are the prime factors of 14756?
2, 7, 17, 31
List the prime factors of 475.
5, 19
What are the prime factors of 1716?
2, 3, 11, 13
List the prime factors of 4485.
3, 5, 13, 23
What are the prime factors of 15855?
3, 5, 7, 151
What are the prime factors of 50089?
13, 3853
List the prime factors of 1898.
2, 13, 73
What are the prime factors of 15801?
3, 23, 229
List the prime factors of 1893.
3, 631
List the prime factors of 25754.
2, 79, 163
List the prime factors of 30451.
37, 823
List the prime factors of 6457.
11, 587
List the prime factors of 1165.
5, 233
List the prime factors of 3549.
3, 7, 13
What are the prime factors of 5829?
3, 29, 67
List the prime factors of 188.
2, 47
List the prime factors of 18579.
3, 11, 563
What are the prime factors of 168271?
191, 881
List the prime factors of 5124.
2, 3, 7, 61
List the prime factors of 1774.
2, 887
List the prime factors of 28319.
28319
List the prime factors of 11681.
11681
List the prime factors of 31991.
31991
List the prime factors of 32835.
3, 5, 11, 199
What are the prime factors of 1440?
2, 3, 5
What are the prime factors of 34201?
23, 1487
What are the prime factors of 4214?
2, 7, 43
What are the prime factors of 9841?
13, 757
List the prime factors of 10176.
2, 3, 53
List the prime factors of 28709.
19, 1511
List the prime factors of 2393.
2393
List the prime factors of 82178.
2, 17, 2417
List the prime factors of 12233.
13, 941
List the prime factors of 128543.
191, 673
What are the prime factors of 53881?
53881
List the prime factors of 34485.
3, 5, 11, 19
List the prime factors of 792.
2, 3, 11
What are the prime factors of 19435?
5, 13, 23
What are the prime factors of 94370?
2, 5, 9437
What are the prime factors of 56336?
2, 7, 503
What are the prime factors of 2188?
2, 547
List the prime factors of 8590.
2, 5, 859
List the prime factors of 1242.
2, 3, 23
What are the prime factors of 868?
2, 7, 31
List the prime factors of 13559.
7, 13, 149
What are the prime factors of 29?
29
List the prime factors of 2228.
2, 557
What are the prime factors of 2130?
2, 3, 5, 71
List the prime factors of 3844.
2, 31
Wha